{"id":1980,"date":"2017-04-07T16:23:26","date_gmt":"2017-04-07T16:23:26","guid":{"rendered":"https:\/\/visitkanfanar.hr\/siti-archeologici\/"},"modified":"2017-05-11T12:50:41","modified_gmt":"2017-05-11T12:50:41","slug":"siti-archeologici","status":"publish","type":"page","link":"https:\/\/visitkanfanar.hr\/it\/attrazioni\/siti-archeologici\/","title":{"rendered":"Siti archeologici"},"content":{"rendered":"<p>[vc_row][vc_column width=&#8221;1\/2&#8243;][vc_single_image image=&#8221;2502&#8243; img_size=&#8221;large&#8221;][\/vc_column][vc_column width=&#8221;1\/2&#8243;][vc_column_text]<strong>Maclavun<\/strong><\/p>\n<p>Nelle immediate vicinanze del paesino di So\u0161i\u0107i, lungo la strada per Rovigno, c\u2019\u00e8 la collina Maclavun, in cima alla quale troviamo l\u2019omonimo tumulo dell\u2019et\u00e0 del bronzo, di et\u00e0 compresa tra i 3 500 e i 4 000 anni. Il sito \u00e8 simile alle strutture ritrovate nell\u2019antica Miena e, oltre alla camera mortuaria (<em>tholos<\/em>) ha anche un \u00a0corridoio d\u2019entrata (<em>dromos<\/em>). Si suppone che il sito sia stato anche il primo osservatorio solare su suolo croato, visto che il <em>dromos<\/em> \u00e8 rivolto vero il solstizio d\u2019inverno.[\/vc_column_text][\/vc_column][\/vc_row][vc_row][vc_column width=&#8221;1\/2&#8243;][vc_single_image image=&#8221;1587&#8243; img_size=&#8221;large&#8221;][\/vc_column][vc_column width=&#8221;1\/2&#8243;][vc_column_text]<strong>Ka\u0161teljir<\/strong><\/p>\n<p>Le caverne e le semi caverne presenti nell&#8217;area della Draga del Leme venivano usate sin dall&#8217;antichit\u00e0 dai cacciatori e dai raccoglitori quali rifugi naturali e la fertile vallata con le numerose sorgenti d&#8217;acqua facevano del territorio un\u00a0 luogo di vita ideale. Ka\u0161teljir \u00e8 un antico castelliere vicinissimo a Canfanaro, con molte piccole sorgenti d&#8217;acqua e le macerie delle chiese di San Giacomo Apostolo e di Sant&#8217;Agata. Anche la posizione di Ka\u0161teljir era particolare, visto che si trovava sulla strada strategicamente molto importante della Draga del Leme, la quale partendo dal mare (Canale di Leme) raggiunge l&#8217;Istria interna. I ritrovamenti pi\u00f9 antichi venuti alla luce, vari frammenti di vasellame, comprovano la presenza dell&#8217;uomo in loco sin dall&#8217;et\u00e0 del bronzo. I reperti rinvenuti finora raccontano anche che in epoca romana il sito non fosse pi\u00f9 abitato, ma che la vita vi fece ritorno verso la fine del IX secolo, all&#8217;epoca in cui nelle vicinanze fu eretto il convento benedettino.[\/vc_column_text][\/vc_column][\/vc_row]<\/p>\n","protected":false},"excerpt":{"rendered":"<p>[vc_row][vc_column width=&#8221;1\/2&#8243;][vc_single_image image=&#8221;2502&#8243; img_size=&#8221;large&#8221;][\/vc_column][vc_column width=&#8221;1\/2&#8243;][vc_column_text]Maclavun Nelle immediate vicinanze del paesino di So\u0161i\u0107i, lungo la strada per Rovigno, c\u2019\u00e8 la collina &#8230;<\/p>\n","protected":false},"author":1,"featured_media":0,"parent":1984,"menu_order":0,"comment_status":"closed","ping_status":"closed","template":"","meta":[],"_links":{"self":[{"href":"https:\/\/visitkanfanar.hr\/it\/wp-json\/wp\/v2\/pages\/1980"}],"collection":[{"href":"https:\/\/visitkanfanar.hr\/it\/wp-json\/wp\/v2\/pages"}],"about":[{"href":"https:\/\/visitkanfanar.hr\/it\/wp-json\/wp\/v2\/types\/page"}],"author":[{"embeddable":true,"href":"https:\/\/visitkanfanar.hr\/it\/wp-json\/wp\/v2\/users\/1"}],"replies":[{"embeddable":true,"href":"https:\/\/visitkanfanar.hr\/it\/wp-json\/wp\/v2\/comments?post=1980"}],"version-history":[{"count":4,"href":"https:\/\/visitkanfanar.hr\/it\/wp-json\/wp\/v2\/pages\/1980\/revisions"}],"predecessor-version":[{"id":2512,"href":"https:\/\/visitkanfanar.hr\/it\/wp-json\/wp\/v2\/pages\/1980\/revisions\/2512"}],"up":[{"embeddable":true,"href":"https:\/\/visitkanfanar.hr\/it\/wp-json\/wp\/v2\/pages\/1984"}],"wp:attachment":[{"href":"https:\/\/visitkanfanar.hr\/it\/wp-json\/wp\/v2\/media?parent=1980"}],"curies":[{"name":"wp","href":"https:\/\/api.w.org\/{rel}","templated":true}]}}

<p>[vc_row][vc_column width=&#8221;1/2&#8243;][vc_single_image image=&#8221;2502&#8243; img_size=&#8221;large&#8221;][/vc_column][vc_column width=&#8221;1/2&#8243;][vc_column_text]<strong>Maclavun</strong></p>
<p>Nelle immediate vicinanze del paesino di Sošići, lungo la strada per Rovigno, c’è la collina Maclavun, in cima alla quale troviamo l’omonimo tumulo dell’età del bronzo, di età compresa tra i 3 500 e i 4 000 anni. Il sito è simile alle strutture ritrovate nell’antica Miena e, oltre alla camera mortuaria (<em>tholos</em>) ha anche un  corridoio d’entrata (<em>dromos</em>). Si suppone che il sito sia stato anche il primo osservatorio solare su suolo croato, visto che il <em>dromos</em> è rivolto vero il solstizio d’inverno.[/vc_column_text][/vc_column][/vc_row][vc_row][vc_column width=&#8221;1/2&#8243;][vc_single_image image=&#8221;1587&#8243; img_size=&#8221;large&#8221;][/vc_column][vc_column width=&#8221;1/2&#8243;][vc_column_text]<strong>Kašteljir</strong></p>
<p>Le caverne e le semi caverne presenti nell&#8217;area della Draga del Leme venivano usate sin dall&#8217;antichità dai cacciatori e dai raccoglitori quali rifugi naturali e la fertile vallata con le numerose sorgenti d&#8217;acqua facevano del territorio un  luogo di vita ideale. Kašteljir è un antico castelliere vicinissimo a Canfanaro, con molte piccole sorgenti d&#8217;acqua e le macerie delle chiese di San Giacomo Apostolo e di Sant&#8217;Agata. Anche la posizione di Kašteljir era particolare, visto che si trovava sulla strada strategicamente molto importante della Draga del Leme, la quale partendo dal mare (Canale di Leme) raggiunge l&#8217;Istria interna. I ritrovamenti più antichi venuti alla luce, vari frammenti di vasellame, comprovano la presenza dell&#8217;uomo in loco sin dall&#8217;età del bronzo. I reperti rinvenuti finora raccontano anche che in epoca romana il sito non fosse più abitato, ma che la vita vi fece ritorno verso la fine del IX secolo, all&#8217;epoca in cui nelle vicinanze fu eretto il convento benedettino.[/vc_column_text][/vc_column][/vc_row]</p>

<p>[vc_row][vc_column width=&#8221;1/2&#8243;][vc_single_image image=&#8221;2502&#8243; img_size=&#8221;large&#8221;][/vc_column][vc_column width=&#8221;1/2&#8243;][vc_column_text]Maclavun Nelle immediate vicinanze del paesino di Sošići, lungo la strada per Rovigno, c’è la collina &#8230;</p>
